{"id":107,"date":"2021-09-11T16:20:08","date_gmt":"2021-09-11T14:20:08","guid":{"rendered":"http:\/\/niort-volley-ball.fr\/?page_id=107"},"modified":"2023-08-30T13:03:21","modified_gmt":"2023-08-30T11:03:21","slug":"loisirs","status":"publish","type":"page","link":"https:\/\/niort-volley-ball.fr\/index.php\/loisirs\/","title":{"rendered":"LES LOISIRS"},"content":{"rendered":"\n<h3 class=\"wp-block-heading\"><strong>C\u2019est quoi la section loisir au NVB ?<\/strong><\/h3>\n\n\n\n<ul class=\"wp-block-list\">\n<li>Une ambiance divertissante et amicale,<\/li>\n\n\n\n<li>Un groupe h\u00e9t\u00e9rog\u00e8ne, avec int\u00e9gration de nouveaux joueurs <\/li>\n\n\n\n<li>Un cr\u00e9neau 100% d\u00e9di\u00e9 au jeu ou aux matchs<\/li>\n\n\n\n<li>Du Green volley, sur la saison estivale, avec le reste du club.<\/li>\n\n\n\n<li>Un groupe d&rsquo;une grosse 20aine de personnes<\/li>\n<\/ul>\n\n\n\n<p><strong>Mais c\u2019est aussi<\/strong>&nbsp;:<\/p>\n\n\n\n<ul class=\"wp-block-list\">\n<li>3 \u00e9quipes engag\u00e9es chaque ann\u00e9e dans le championnat corporatiste du <a href=\"http:\/\/Coupe de l'Amiti\u00e9 Corporative des Deux-S\u00e8vres\">CACDS<\/a>, r\u00e9parti dans 2 poules de niveau, avec match en semaine (majoritairement le mercredi soir \u00e0 partir de 20h, 20h30)<\/li>\n\n\n\n<li>Une coupe organis\u00e9e par le <a href=\"http:\/\/Coupe de l'Amiti\u00e9 Corporative des Deux-S\u00e8vres\">CACDS<\/a> sur la p\u00e9riode de Mai \/ Juin<\/li>\n\n\n\n<li>De nombreux participants au tournoi Patrick Essomba, le tournoi du club en ext\u00e9rieur, sur herbe, en 3&#215;3<br><\/li>\n<\/ul>\n\n\n\n<h3 class=\"wp-block-heading\"><strong>L&rsquo;organisation du championnat<\/strong><\/h3>\n\n\n\n<p>Le championnat comme la coupe loisir sont r\u00e9gis par les r\u00e8gles du championnat de l&rsquo;association\u00a0\u00bb Coupe de l\u2019Amiti\u00e9 Corporative des Deux-S\u00e8vres\u00a0\u00bb. <\/p>\n\n\n\n<p>Les r\u00e9sultats sont trouvables sur leur site, \u00e0 la section <a href=\"https:\/\/www.cacds.fr\/spip.php?rubrique11\">volley CACDS<\/a> et sont r\u00e9guli\u00e8rement mis \u00e0 jour.<\/p>\n\n\n\n<p>Pour le championnat (octobre \u00e0 mai), il y a traditionnellement 2 poules, de niveau diff\u00e9rent. l&rsquo;acc\u00e8s \u00e0 la poule sup\u00e9rieure n\u00e9cessite d&rsquo;\u00eatre dans les 2 premiers de la poule inf\u00e9rieure, et \u00eatre dans les 2 derniers de la poule inf\u00e9rieure implique de redescendre dans la poule du dessous.<\/p>\n\n\n\n<p>La coupe (mai et juin) m\u00e9lange, elle, les \u00e9quipes et aboutit \u00e0 deux poules : une \u00ab\u00a0principale\u00a0\u00bb, et une \u00ab\u00a0consolante\u00a0\u00bb.<\/p>\n\n\n\n<h3 class=\"wp-block-heading\"><strong>Les cr\u00e9neaux des matchs<\/strong><\/h3>\n\n\n\n<p>Contrairement aux championnats li\u00e9s \u00e0 la f\u00e9d\u00e9ration, les matchs se d\u00e9roulent sur les cr\u00e9neaux affect\u00e9s aux \u00e9quipes. Ils se d\u00e9roulent donc en semaine.<\/p>\n\n\n\n<p>Les cr\u00e9neaux du club sont disponibles <a href=\"https:\/\/niort-volley-ball.fr\/index.php\/entrainements\/\">ici<\/a>.<\/p>\n\n\n\n<ul class=\"wp-block-list\">\n<li>sur le cr\u00e9neau loisir \u00e0 Pissardant quand les \u00e9quipes jouent \u00e0 domicile (classiquement le mercredi), <\/li>\n\n\n\n<li>sur le cr\u00e9neau de l&rsquo;\u00e9quipe adverse dans le gymnase adverse <\/li>\n<\/ul>\n\n\n\n<h3 class=\"wp-block-heading\"><strong>Les r\u00e8gles appliqu\u00e9es<\/strong><\/h3>\n\n\n\n<ul class=\"wp-block-list\">\n<li>Matchs jou\u00e9s en 6&#215;6 sur terrain habituel, hauteur de filet \u00ab\u00a0Homme\u00a0\u00bb (2m43),<\/li>\n\n\n\n<li>Les \u00e9quipes peuvent \u00eatre mixtes ou non<\/li>\n\n\n\n<li>Ils se gagnent en 3 sets gagnants de 25 points, \u00e0 2 points d&rsquo;\u00e9cart.<\/li>\n\n\n\n<li>L&rsquo;arbitre est d\u00e9sign\u00e9 par l&rsquo;\u00e9quipe qui re\u00e7oit. <\/li>\n\n\n\n<li>Les r\u00e8gles appliqu\u00e9es sont celles de la f\u00e9d\u00e9ration de Volley, avec un peu de \u00ab\u00a0souplesse\u00a0\u00bb eu \u00e9gard au niveau des joueurs !<\/li>\n<\/ul>\n","protected":false},"excerpt":{"rendered":"<p>C\u2019est quoi la section loisir au NVB ? Mais c\u2019est aussi&nbsp;: L&rsquo;organisation du championnat Le championnat comme la coupe loisir sont r\u00e9gis par les r\u00e8gles du championnat de l&rsquo;association\u00a0\u00bb Coupe [&hellip;]<\/p>\n","protected":false},"author":1,"featured_media":0,"parent":0,"menu_order":0,"comment_status":"closed","ping_status":"closed","template":"","meta":{"iawp_total_views":661,"footnotes":""},"class_list":["post-107","page","type-page","status-publish","hentry"],"yoast_head":"<!-- This site is optimized with the Yoast SEO plugin v27.5 - https:\/\/yoast.com\/product\/yoast-seo-wordpress\/ -->\n<title>LES LOISIRS - Niort Volley Ball<\/title>\n<meta name=\"description\" content=\"Volley-ball, Niort, club, sportif, ambiance,\" \/>\n<meta name=\"robots\" content=\"index, follow, max-snippet:-1, max-image-preview:large, max-video-preview:-1\" \/>\n<link rel=\"canonical\" href=\"https:\/\/niort-volley-ball.fr\/index.php\/loisirs\/\" \/>\n<meta property=\"og:locale\" content=\"fr_FR\" \/>\n<meta property=\"og:type\" content=\"article\" \/>\n<meta property=\"og:title\" content=\"LES LOISIRS - Niort Volley Ball\" \/>\n<meta property=\"og:description\" content=\"Volley-ball, Niort, club, sportif, ambiance,\" \/>\n<meta property=\"og:url\" content=\"https:\/\/niort-volley-ball.fr\/index.php\/loisirs\/\" \/>\n<meta property=\"og:site_name\" content=\"Niort Volley Ball\" \/>\n<meta property=\"article:publisher\" content=\"https:\/\/www.facebook.com\/niortvb\/\" \/>\n<meta property=\"article:modified_time\" content=\"2023-08-30T11:03:21+00:00\" \/>\n<meta name=\"twitter:card\" content=\"summary_large_image\" \/>\n<meta name=\"twitter:label1\" content=\"Dur\u00e9e de lecture estim\u00e9e\" \/>\n\t<meta name=\"twitter:data1\" content=\"2 minutes\" \/>\n<script type=\"application\/ld+json\" class=\"yoast-schema-graph\">{\"@context\":\"https:\\\/\\\/schema.org\",\"@graph\":[{\"@type\":\"WebPage\",\"@id\":\"https:\\\/\\\/niort-volley-ball.fr\\\/index.php\\\/loisirs\\\/\",\"url\":\"https:\\\/\\\/niort-volley-ball.fr\\\/index.php\\\/loisirs\\\/\",\"name\":\"LES LOISIRS - Niort Volley Ball\",\"isPartOf\":{\"@id\":\"https:\\\/\\\/niort-volley-ball.fr\\\/#website\"},\"datePublished\":\"2021-09-11T14:20:08+00:00\",\"dateModified\":\"2023-08-30T11:03:21+00:00\",\"description\":\"Volley-ball, Niort, club, sportif, ambiance,\",\"breadcrumb\":{\"@id\":\"https:\\\/\\\/niort-volley-ball.fr\\\/index.php\\\/loisirs\\\/#breadcrumb\"},\"inLanguage\":\"fr-FR\",\"potentialAction\":[{\"@type\":\"ReadAction\",\"target\":[\"https:\\\/\\\/niort-volley-ball.fr\\\/index.php\\\/loisirs\\\/\"]}]},{\"@type\":\"BreadcrumbList\",\"@id\":\"https:\\\/\\\/niort-volley-ball.fr\\\/index.php\\\/loisirs\\\/#breadcrumb\",\"itemListElement\":[{\"@type\":\"ListItem\",\"position\":1,\"name\":\"Accueil\",\"item\":\"https:\\\/\\\/niort-volley-ball.fr\\\/\"},{\"@type\":\"ListItem\",\"position\":2,\"name\":\"LES LOISIRS\"}]},{\"@type\":\"WebSite\",\"@id\":\"https:\\\/\\\/niort-volley-ball.fr\\\/#website\",\"url\":\"https:\\\/\\\/niort-volley-ball.fr\\\/\",\"name\":\"Niort Volley Ball\",\"description\":\"\",\"publisher\":{\"@id\":\"https:\\\/\\\/niort-volley-ball.fr\\\/#organization\"},\"potentialAction\":[{\"@type\":\"SearchAction\",\"target\":{\"@type\":\"EntryPoint\",\"urlTemplate\":\"https:\\\/\\\/niort-volley-ball.fr\\\/?s={search_term_string}\"},\"query-input\":{\"@type\":\"PropertyValueSpecification\",\"valueRequired\":true,\"valueName\":\"search_term_string\"}}],\"inLanguage\":\"fr-FR\"},{\"@type\":\"Organization\",\"@id\":\"https:\\\/\\\/niort-volley-ball.fr\\\/#organization\",\"name\":\"Niort Volley Ball\",\"url\":\"https:\\\/\\\/niort-volley-ball.fr\\\/\",\"logo\":{\"@type\":\"ImageObject\",\"inLanguage\":\"fr-FR\",\"@id\":\"https:\\\/\\\/niort-volley-ball.fr\\\/#\\\/schema\\\/logo\\\/image\\\/\",\"url\":\"https:\\\/\\\/niort-volley-ball.fr\\\/wp-content\\\/uploads\\\/2021\\\/09\\\/cropped-cropped-NVBLOGO-3.png\",\"contentUrl\":\"https:\\\/\\\/niort-volley-ball.fr\\\/wp-content\\\/uploads\\\/2021\\\/09\\\/cropped-cropped-NVBLOGO-3.png\",\"width\":250,\"height\":250,\"caption\":\"Niort Volley Ball\"},\"image\":{\"@id\":\"https:\\\/\\\/niort-volley-ball.fr\\\/#\\\/schema\\\/logo\\\/image\\\/\"},\"sameAs\":[\"https:\\\/\\\/www.facebook.com\\\/niortvb\\\/\",\"https:\\\/\\\/www.instagram.com\\\/niortvb\\\/\"]}]}<\/script>\n<!-- \/ Yoast SEO plugin. -->","yoast_head_json":{"title":"LES LOISIRS - Niort Volley Ball","description":"Volley-ball, Niort, club, sportif, ambiance,","robots":{"index":"index","follow":"follow","max-snippet":"max-snippet:-1","max-image-preview":"max-image-preview:large","max-video-preview":"max-video-preview:-1"},"canonical":"https:\/\/niort-volley-ball.fr\/index.php\/loisirs\/","og_locale":"fr_FR","og_type":"article","og_title":"LES LOISIRS - Niort Volley Ball","og_description":"Volley-ball, Niort, club, sportif, ambiance,","og_url":"https:\/\/niort-volley-ball.fr\/index.php\/loisirs\/","og_site_name":"Niort Volley Ball","article_publisher":"https:\/\/www.facebook.com\/niortvb\/","article_modified_time":"2023-08-30T11:03:21+00:00","twitter_card":"summary_large_image","twitter_misc":{"Dur\u00e9e de lecture estim\u00e9e":"2 minutes"},"schema":{"@context":"https:\/\/schema.org","@graph":[{"@type":"WebPage","@id":"https:\/\/niort-volley-ball.fr\/index.php\/loisirs\/","url":"https:\/\/niort-volley-ball.fr\/index.php\/loisirs\/","name":"LES LOISIRS - Niort Volley Ball","isPartOf":{"@id":"https:\/\/niort-volley-ball.fr\/#website"},"datePublished":"2021-09-11T14:20:08+00:00","dateModified":"2023-08-30T11:03:21+00:00","description":"Volley-ball, Niort, club, sportif, ambiance,","breadcrumb":{"@id":"https:\/\/niort-volley-ball.fr\/index.php\/loisirs\/#breadcrumb"},"inLanguage":"fr-FR","potentialAction":[{"@type":"ReadAction","target":["https:\/\/niort-volley-ball.fr\/index.php\/loisirs\/"]}]},{"@type":"BreadcrumbList","@id":"https:\/\/niort-volley-ball.fr\/index.php\/loisirs\/#breadcrumb","itemListElement":[{"@type":"ListItem","position":1,"name":"Accueil","item":"https:\/\/niort-volley-ball.fr\/"},{"@type":"ListItem","position":2,"name":"LES LOISIRS"}]},{"@type":"WebSite","@id":"https:\/\/niort-volley-ball.fr\/#website","url":"https:\/\/niort-volley-ball.fr\/","name":"Niort Volley Ball","description":"","publisher":{"@id":"https:\/\/niort-volley-ball.fr\/#organization"},"potentialAction":[{"@type":"SearchAction","target":{"@type":"EntryPoint","urlTemplate":"https:\/\/niort-volley-ball.fr\/?s={search_term_string}"},"query-input":{"@type":"PropertyValueSpecification","valueRequired":true,"valueName":"search_term_string"}}],"inLanguage":"fr-FR"},{"@type":"Organization","@id":"https:\/\/niort-volley-ball.fr\/#organization","name":"Niort Volley Ball","url":"https:\/\/niort-volley-ball.fr\/","logo":{"@type":"ImageObject","inLanguage":"fr-FR","@id":"https:\/\/niort-volley-ball.fr\/#\/schema\/logo\/image\/","url":"https:\/\/niort-volley-ball.fr\/wp-content\/uploads\/2021\/09\/cropped-cropped-NVBLOGO-3.png","contentUrl":"https:\/\/niort-volley-ball.fr\/wp-content\/uploads\/2021\/09\/cropped-cropped-NVBLOGO-3.png","width":250,"height":250,"caption":"Niort Volley Ball"},"image":{"@id":"https:\/\/niort-volley-ball.fr\/#\/schema\/logo\/image\/"},"sameAs":["https:\/\/www.facebook.com\/niortvb\/","https:\/\/www.instagram.com\/niortvb\/"]}]}},"_links":{"self":[{"href":"https:\/\/niort-volley-ball.fr\/index.php\/wp-json\/wp\/v2\/pages\/107","targetHints":{"allow":["GET"]}}],"collection":[{"href":"https:\/\/niort-volley-ball.fr\/index.php\/wp-json\/wp\/v2\/pages"}],"about":[{"href":"https:\/\/niort-volley-ball.fr\/index.php\/wp-json\/wp\/v2\/types\/page"}],"author":[{"embeddable":true,"href":"https:\/\/niort-volley-ball.fr\/index.php\/wp-json\/wp\/v2\/users\/1"}],"replies":[{"embeddable":true,"href":"https:\/\/niort-volley-ball.fr\/index.php\/wp-json\/wp\/v2\/comments?post=107"}],"version-history":[{"count":9,"href":"https:\/\/niort-volley-ball.fr\/index.php\/wp-json\/wp\/v2\/pages\/107\/revisions"}],"predecessor-version":[{"id":270,"href":"https:\/\/niort-volley-ball.fr\/index.php\/wp-json\/wp\/v2\/pages\/107\/revisions\/270"}],"wp:attachment":[{"href":"https:\/\/niort-volley-ball.fr\/index.php\/wp-json\/wp\/v2\/media?parent=107"}],"curies":[{"name":"wp","href":"https:\/\/api.w.org\/{rel}","templated":true}]}}