{"id":160,"date":"2023-07-15T23:02:59","date_gmt":"2023-07-15T21:02:59","guid":{"rendered":"https:\/\/niort-volley-ball.fr\/?page_id=160"},"modified":"2025-08-28T19:24:45","modified_gmt":"2025-08-28T17:24:45","slug":"tarifs","status":"publish","type":"page","link":"https:\/\/niort-volley-ball.fr\/index.php\/tarifs\/","title":{"rendered":"TARIFS"},"content":{"rendered":"\r\n<p>Les tarifs varient en fonction de l&rsquo;\u00e2ge du licenci\u00e9 et de son niveau de jeu vis \u00e0 vis de la f\u00e9d\u00e9ration.<\/p>\r\n<p>Les tarifs s&rsquo;entendent assurance inclus :<\/p>\r\n<p><img decoding=\"async\" class=\"alignnone size-large wp-image-638 lazyload\" data-src=\"https:\/\/niort-volley-ball.fr\/wp-content\/uploads\/2025\/08\/db830ba4-4a7f-4070-ab27-26831afd9ee5-1024x398.jpeg\" alt=\"Tarifs jeunes Niort volley ball\" width=\"580\" height=\"225\" data-srcset=\"https:\/\/niort-volley-ball.fr\/wp-content\/uploads\/2025\/08\/db830ba4-4a7f-4070-ab27-26831afd9ee5-1024x398.jpeg 1024w, https:\/\/niort-volley-ball.fr\/wp-content\/uploads\/2025\/08\/db830ba4-4a7f-4070-ab27-26831afd9ee5-300x117.jpeg 300w, https:\/\/niort-volley-ball.fr\/wp-content\/uploads\/2025\/08\/db830ba4-4a7f-4070-ab27-26831afd9ee5-768x298.jpeg 768w, https:\/\/niort-volley-ball.fr\/wp-content\/uploads\/2025\/08\/db830ba4-4a7f-4070-ab27-26831afd9ee5.jpeg 1127w\" data-sizes=\"(max-width: 580px) 100vw, 580px\" src=\"data:image\/svg+xml;base64,PHN2ZyB3aWR0aD0iMSIgaGVpZ2h0PSIxIiB4bWxucz0iaHR0cDovL3d3dy53My5vcmcvMjAwMC9zdmciPjwvc3ZnPg==\" style=\"--smush-placeholder-width: 580px; --smush-placeholder-aspect-ratio: 580\/225;\" \/><\/p>\r\n<p><img decoding=\"async\" class=\"alignnone size-large wp-image-618 lazyload\" data-src=\"https:\/\/niort-volley-ball.fr\/wp-content\/uploads\/2025\/08\/Tarifs-niort-volley-ball-Loisirs-et-dep-reg-1024x360.jpg\" alt=\"\" width=\"580\" height=\"204\" data-srcset=\"https:\/\/niort-volley-ball.fr\/wp-content\/uploads\/2025\/08\/Tarifs-niort-volley-ball-Loisirs-et-dep-reg-1024x360.jpg 1024w, https:\/\/niort-volley-ball.fr\/wp-content\/uploads\/2025\/08\/Tarifs-niort-volley-ball-Loisirs-et-dep-reg-300x105.jpg 300w, https:\/\/niort-volley-ball.fr\/wp-content\/uploads\/2025\/08\/Tarifs-niort-volley-ball-Loisirs-et-dep-reg-768x270.jpg 768w, https:\/\/niort-volley-ball.fr\/wp-content\/uploads\/2025\/08\/Tarifs-niort-volley-ball-Loisirs-et-dep-reg-1200x422.jpg 1200w, https:\/\/niort-volley-ball.fr\/wp-content\/uploads\/2025\/08\/Tarifs-niort-volley-ball-Loisirs-et-dep-reg.jpg 1237w\" data-sizes=\"(max-width: 580px) 100vw, 580px\" src=\"data:image\/svg+xml;base64,PHN2ZyB3aWR0aD0iMSIgaGVpZ2h0PSIxIiB4bWxucz0iaHR0cDovL3d3dy53My5vcmcvMjAwMC9zdmciPjwvc3ZnPg==\" style=\"--smush-placeholder-width: 580px; --smush-placeholder-aspect-ratio: 580\/204;\" \/><\/p>\r\n<ul>\r\n<li><strong>M7 \u00e0 M11<\/strong> : 90 euros<\/li>\r\n<li><strong>M13 \u00e0 M15<\/strong> : 100 euros<\/li>\r\n<li><strong>M18 et surclass\u00e9s M18 \/ Dep-Reg<\/strong> : 120 euros<\/li>\r\n<li><strong>Loisirs<\/strong> : 100 euros<\/li>\r\n<li><strong>D\u00e9partemental et R\u00e9gional Masculine ou F\u00e9minine<\/strong> : 120 euros<\/li>\r\n<li><strong>Masters hors licenci\u00e9s au club<\/strong> : 50 euros<\/li>\r\n<\/ul>\r\n\r\n\r\n\r\n\r\n\r\n\r\n\r\n<p>Pour toute question, vous pouvez nous contacter sur les r\u00e9seaux sociaux.<\/p>\r\n\r\n\r\n\r\n<p>&nbsp;<\/p>\r\n","protected":false},"excerpt":{"rendered":"<p>Les tarifs varient en fonction de l&rsquo;\u00e2ge du licenci\u00e9 et de son niveau de jeu vis \u00e0 vis de la f\u00e9d\u00e9ration. Les tarifs s&rsquo;entendent assurance inclus : M7 \u00e0 M11 [&hellip;]<\/p>\n","protected":false},"author":4,"featured_media":0,"parent":0,"menu_order":0,"comment_status":"closed","ping_status":"closed","template":"","meta":{"iawp_total_views":649,"footnotes":""},"class_list":["post-160","page","type-page","status-publish","hentry"],"yoast_head":"<!-- This site is optimized with the Yoast SEO plugin v27.5 - https:\/\/yoast.com\/product\/yoast-seo-wordpress\/ -->\n<title>TARIFS - Niort Volley Ball<\/title>\n<meta name=\"robots\" content=\"index, follow, max-snippet:-1, max-image-preview:large, max-video-preview:-1\" \/>\n<link rel=\"canonical\" href=\"https:\/\/niort-volley-ball.fr\/index.php\/tarifs\/\" \/>\n<meta property=\"og:locale\" content=\"fr_FR\" \/>\n<meta property=\"og:type\" content=\"article\" \/>\n<meta property=\"og:title\" content=\"TARIFS - Niort Volley Ball\" \/>\n<meta property=\"og:description\" content=\"Les tarifs varient en fonction de l&rsquo;\u00e2ge du licenci\u00e9 et de son niveau de jeu vis \u00e0 vis de la f\u00e9d\u00e9ration. Les tarifs s&rsquo;entendent assurance inclus : M7 \u00e0 M11 [&hellip;]\" \/>\n<meta property=\"og:url\" content=\"https:\/\/niort-volley-ball.fr\/index.php\/tarifs\/\" \/>\n<meta property=\"og:site_name\" content=\"Niort Volley Ball\" \/>\n<meta property=\"article:publisher\" content=\"https:\/\/www.facebook.com\/niortvb\/\" \/>\n<meta property=\"article:modified_time\" content=\"2025-08-28T17:24:45+00:00\" \/>\n<meta property=\"og:image\" content=\"https:\/\/niort-volley-ball.fr\/wp-content\/uploads\/2025\/08\/db830ba4-4a7f-4070-ab27-26831afd9ee5.jpeg\" \/>\n\t<meta property=\"og:image:width\" content=\"1127\" \/>\n\t<meta property=\"og:image:height\" content=\"438\" \/>\n\t<meta property=\"og:image:type\" content=\"image\/jpeg\" \/>\n<meta name=\"twitter:card\" content=\"summary_large_image\" \/>\n<script type=\"application\/ld+json\" class=\"yoast-schema-graph\">{\"@context\":\"https:\\\/\\\/schema.org\",\"@graph\":[{\"@type\":\"WebPage\",\"@id\":\"https:\\\/\\\/niort-volley-ball.fr\\\/index.php\\\/tarifs\\\/\",\"url\":\"https:\\\/\\\/niort-volley-ball.fr\\\/index.php\\\/tarifs\\\/\",\"name\":\"TARIFS - Niort Volley Ball\",\"isPartOf\":{\"@id\":\"https:\\\/\\\/niort-volley-ball.fr\\\/#website\"},\"primaryImageOfPage\":{\"@id\":\"https:\\\/\\\/niort-volley-ball.fr\\\/index.php\\\/tarifs\\\/#primaryimage\"},\"image\":{\"@id\":\"https:\\\/\\\/niort-volley-ball.fr\\\/index.php\\\/tarifs\\\/#primaryimage\"},\"thumbnailUrl\":\"https:\\\/\\\/niort-volley-ball.fr\\\/wp-content\\\/uploads\\\/2025\\\/08\\\/db830ba4-4a7f-4070-ab27-26831afd9ee5-1024x398.jpeg\",\"datePublished\":\"2023-07-15T21:02:59+00:00\",\"dateModified\":\"2025-08-28T17:24:45+00:00\",\"breadcrumb\":{\"@id\":\"https:\\\/\\\/niort-volley-ball.fr\\\/index.php\\\/tarifs\\\/#breadcrumb\"},\"inLanguage\":\"fr-FR\",\"potentialAction\":[{\"@type\":\"ReadAction\",\"target\":[\"https:\\\/\\\/niort-volley-ball.fr\\\/index.php\\\/tarifs\\\/\"]}]},{\"@type\":\"ImageObject\",\"inLanguage\":\"fr-FR\",\"@id\":\"https:\\\/\\\/niort-volley-ball.fr\\\/index.php\\\/tarifs\\\/#primaryimage\",\"url\":\"https:\\\/\\\/niort-volley-ball.fr\\\/wp-content\\\/uploads\\\/2025\\\/08\\\/db830ba4-4a7f-4070-ab27-26831afd9ee5.jpeg\",\"contentUrl\":\"https:\\\/\\\/niort-volley-ball.fr\\\/wp-content\\\/uploads\\\/2025\\\/08\\\/db830ba4-4a7f-4070-ab27-26831afd9ee5.jpeg\",\"width\":1127,\"height\":438,\"caption\":\"Tarifs jeunes Niort volley ball\"},{\"@type\":\"BreadcrumbList\",\"@id\":\"https:\\\/\\\/niort-volley-ball.fr\\\/index.php\\\/tarifs\\\/#breadcrumb\",\"itemListElement\":[{\"@type\":\"ListItem\",\"position\":1,\"name\":\"Accueil\",\"item\":\"https:\\\/\\\/niort-volley-ball.fr\\\/\"},{\"@type\":\"ListItem\",\"position\":2,\"name\":\"TARIFS\"}]},{\"@type\":\"WebSite\",\"@id\":\"https:\\\/\\\/niort-volley-ball.fr\\\/#website\",\"url\":\"https:\\\/\\\/niort-volley-ball.fr\\\/\",\"name\":\"Niort Volley Ball\",\"description\":\"\",\"publisher\":{\"@id\":\"https:\\\/\\\/niort-volley-ball.fr\\\/#organization\"},\"potentialAction\":[{\"@type\":\"SearchAction\",\"target\":{\"@type\":\"EntryPoint\",\"urlTemplate\":\"https:\\\/\\\/niort-volley-ball.fr\\\/?s={search_term_string}\"},\"query-input\":{\"@type\":\"PropertyValueSpecification\",\"valueRequired\":true,\"valueName\":\"search_term_string\"}}],\"inLanguage\":\"fr-FR\"},{\"@type\":\"Organization\",\"@id\":\"https:\\\/\\\/niort-volley-ball.fr\\\/#organization\",\"name\":\"Niort Volley Ball\",\"url\":\"https:\\\/\\\/niort-volley-ball.fr\\\/\",\"logo\":{\"@type\":\"ImageObject\",\"inLanguage\":\"fr-FR\",\"@id\":\"https:\\\/\\\/niort-volley-ball.fr\\\/#\\\/schema\\\/logo\\\/image\\\/\",\"url\":\"https:\\\/\\\/niort-volley-ball.fr\\\/wp-content\\\/uploads\\\/2021\\\/09\\\/cropped-cropped-NVBLOGO-3.png\",\"contentUrl\":\"https:\\\/\\\/niort-volley-ball.fr\\\/wp-content\\\/uploads\\\/2021\\\/09\\\/cropped-cropped-NVBLOGO-3.png\",\"width\":250,\"height\":250,\"caption\":\"Niort Volley Ball\"},\"image\":{\"@id\":\"https:\\\/\\\/niort-volley-ball.fr\\\/#\\\/schema\\\/logo\\\/image\\\/\"},\"sameAs\":[\"https:\\\/\\\/www.facebook.com\\\/niortvb\\\/\",\"https:\\\/\\\/www.instagram.com\\\/niortvb\\\/\"]}]}<\/script>\n<!-- \/ Yoast SEO plugin. -->","yoast_head_json":{"title":"TARIFS - Niort Volley Ball","robots":{"index":"index","follow":"follow","max-snippet":"max-snippet:-1","max-image-preview":"max-image-preview:large","max-video-preview":"max-video-preview:-1"},"canonical":"https:\/\/niort-volley-ball.fr\/index.php\/tarifs\/","og_locale":"fr_FR","og_type":"article","og_title":"TARIFS - Niort Volley Ball","og_description":"Les tarifs varient en fonction de l&rsquo;\u00e2ge du licenci\u00e9 et de son niveau de jeu vis \u00e0 vis de la f\u00e9d\u00e9ration. Les tarifs s&rsquo;entendent assurance inclus : M7 \u00e0 M11 [&hellip;]","og_url":"https:\/\/niort-volley-ball.fr\/index.php\/tarifs\/","og_site_name":"Niort Volley Ball","article_publisher":"https:\/\/www.facebook.com\/niortvb\/","article_modified_time":"2025-08-28T17:24:45+00:00","og_image":[{"width":1127,"height":438,"url":"https:\/\/niort-volley-ball.fr\/wp-content\/uploads\/2025\/08\/db830ba4-4a7f-4070-ab27-26831afd9ee5.jpeg","type":"image\/jpeg"}],"twitter_card":"summary_large_image","schema":{"@context":"https:\/\/schema.org","@graph":[{"@type":"WebPage","@id":"https:\/\/niort-volley-ball.fr\/index.php\/tarifs\/","url":"https:\/\/niort-volley-ball.fr\/index.php\/tarifs\/","name":"TARIFS - Niort Volley Ball","isPartOf":{"@id":"https:\/\/niort-volley-ball.fr\/#website"},"primaryImageOfPage":{"@id":"https:\/\/niort-volley-ball.fr\/index.php\/tarifs\/#primaryimage"},"image":{"@id":"https:\/\/niort-volley-ball.fr\/index.php\/tarifs\/#primaryimage"},"thumbnailUrl":"https:\/\/niort-volley-ball.fr\/wp-content\/uploads\/2025\/08\/db830ba4-4a7f-4070-ab27-26831afd9ee5-1024x398.jpeg","datePublished":"2023-07-15T21:02:59+00:00","dateModified":"2025-08-28T17:24:45+00:00","breadcrumb":{"@id":"https:\/\/niort-volley-ball.fr\/index.php\/tarifs\/#breadcrumb"},"inLanguage":"fr-FR","potentialAction":[{"@type":"ReadAction","target":["https:\/\/niort-volley-ball.fr\/index.php\/tarifs\/"]}]},{"@type":"ImageObject","inLanguage":"fr-FR","@id":"https:\/\/niort-volley-ball.fr\/index.php\/tarifs\/#primaryimage","url":"https:\/\/niort-volley-ball.fr\/wp-content\/uploads\/2025\/08\/db830ba4-4a7f-4070-ab27-26831afd9ee5.jpeg","contentUrl":"https:\/\/niort-volley-ball.fr\/wp-content\/uploads\/2025\/08\/db830ba4-4a7f-4070-ab27-26831afd9ee5.jpeg","width":1127,"height":438,"caption":"Tarifs jeunes Niort volley ball"},{"@type":"BreadcrumbList","@id":"https:\/\/niort-volley-ball.fr\/index.php\/tarifs\/#breadcrumb","itemListElement":[{"@type":"ListItem","position":1,"name":"Accueil","item":"https:\/\/niort-volley-ball.fr\/"},{"@type":"ListItem","position":2,"name":"TARIFS"}]},{"@type":"WebSite","@id":"https:\/\/niort-volley-ball.fr\/#website","url":"https:\/\/niort-volley-ball.fr\/","name":"Niort Volley Ball","description":"","publisher":{"@id":"https:\/\/niort-volley-ball.fr\/#organization"},"potentialAction":[{"@type":"SearchAction","target":{"@type":"EntryPoint","urlTemplate":"https:\/\/niort-volley-ball.fr\/?s={search_term_string}"},"query-input":{"@type":"PropertyValueSpecification","valueRequired":true,"valueName":"search_term_string"}}],"inLanguage":"fr-FR"},{"@type":"Organization","@id":"https:\/\/niort-volley-ball.fr\/#organization","name":"Niort Volley Ball","url":"https:\/\/niort-volley-ball.fr\/","logo":{"@type":"ImageObject","inLanguage":"fr-FR","@id":"https:\/\/niort-volley-ball.fr\/#\/schema\/logo\/image\/","url":"https:\/\/niort-volley-ball.fr\/wp-content\/uploads\/2021\/09\/cropped-cropped-NVBLOGO-3.png","contentUrl":"https:\/\/niort-volley-ball.fr\/wp-content\/uploads\/2021\/09\/cropped-cropped-NVBLOGO-3.png","width":250,"height":250,"caption":"Niort Volley Ball"},"image":{"@id":"https:\/\/niort-volley-ball.fr\/#\/schema\/logo\/image\/"},"sameAs":["https:\/\/www.facebook.com\/niortvb\/","https:\/\/www.instagram.com\/niortvb\/"]}]}},"_links":{"self":[{"href":"https:\/\/niort-volley-ball.fr\/index.php\/wp-json\/wp\/v2\/pages\/160","targetHints":{"allow":["GET"]}}],"collection":[{"href":"https:\/\/niort-volley-ball.fr\/index.php\/wp-json\/wp\/v2\/pages"}],"about":[{"href":"https:\/\/niort-volley-ball.fr\/index.php\/wp-json\/wp\/v2\/types\/page"}],"author":[{"embeddable":true,"href":"https:\/\/niort-volley-ball.fr\/index.php\/wp-json\/wp\/v2\/users\/4"}],"replies":[{"embeddable":true,"href":"https:\/\/niort-volley-ball.fr\/index.php\/wp-json\/wp\/v2\/comments?post=160"}],"version-history":[{"count":15,"href":"https:\/\/niort-volley-ball.fr\/index.php\/wp-json\/wp\/v2\/pages\/160\/revisions"}],"predecessor-version":[{"id":639,"href":"https:\/\/niort-volley-ball.fr\/index.php\/wp-json\/wp\/v2\/pages\/160\/revisions\/639"}],"wp:attachment":[{"href":"https:\/\/niort-volley-ball.fr\/index.php\/wp-json\/wp\/v2\/media?parent=160"}],"curies":[{"name":"wp","href":"https:\/\/api.w.org\/{rel}","templated":true}]}}