{"id":240,"date":"2023-08-31T10:54:39","date_gmt":"2023-08-31T08:54:39","guid":{"rendered":"https:\/\/niort-volley-ball.fr\/?page_id=240"},"modified":"2024-04-09T19:28:29","modified_gmt":"2024-04-09T17:28:29","slug":"devenir-partenaire","status":"publish","type":"page","link":"https:\/\/niort-volley-ball.fr\/index.php\/devenir-partenaire\/","title":{"rendered":"DEVENIR PARTENAIRE"},"content":{"rendered":"\r\n<h2 class=\"wp-block-heading\"><strong>Pourquoi devenir partenaire ?<\/strong><\/h2>\r\n\r\n\r\n\r\n<p>C&rsquo;est aider le club \u00e0 afficher ses couleurs (maillots\u2026), permettre \u00e0 chaque \u00e9quipe &#8211; m\u00eame les plus jeunes lors des plateaux &#8211; d\u2019avoir une tenue unifi\u00e9e qui f\u00e9d\u00e8re et qui renforce le sentiment d\u2019appartenance, permettre d\u2019acheter du mat\u00e9riel p\u00e9dagogique pour l\u2019apprentissage de notre sport, acheter des ballons, des mires\u2026 Bref c\u2019est aider le club dans ses missions sportives et son projet d\u2019\u00e9ducation au volley-ball !<\/p>\r\n\r\n\r\n\r\n<p>&nbsp;<\/p>\r\n\r\n\r\n\r\n<p>C&rsquo;est aussi s&rsquo;offrir un peu de visibilit\u00e9 de diff\u00e9rentes mani\u00e8res :<\/p>\r\n\r\n\r\n\r\n<ul class=\"wp-block-list\">\r\n<li>sur le textile et les \u00e9quipements du club (logo),<\/li>\r\n\r\n\r\n\r\n<li>sur les r\u00e9seaux sociaux,<\/li>\r\n\r\n\r\n\r\n<li>sur le site internet,<\/li>\r\n\r\n\r\n\r\n<li>ou sur des supports physiques amovibles install\u00e9s dans le gymnase \u00e0 l&rsquo;occasion des diff\u00e9rents \u00e9v\u00e8nements (matchs des \u00e9quipes, tournoi du club&#8230;)<\/li>\r\n<\/ul>\r\n\r\n\r\n\r\n<p>Les \u00e9quipes jouant sur l\u2019environnement niortais, d\u00e9partemental, voire r\u00e9gional, adulte ou parents et enfants, \u00e7a fait un peu de monde !<\/p>\r\n\r\n\r\n\r\n<p>N&rsquo;h\u00e9sitez pas \u00e0 demander notre dossier de partenariat !<\/p>\r\n\r\n\r\n\r\n<div data-wp-interactive=\"core\/file\" class=\"wp-block-file\"><object data-wp-bind--hidden=\"!state.hasPdfPreview\" hidden class=\"wp-block-file__embed\" style=\"width: 100%; height: 600px;\" data=\"https:\/\/niort-volley-ball.fr\/wp-content\/uploads\/2023\/08\/Dossier-partenariat-2022-2023-NIORT-VOLLEY-BALL.pdf\" type=\"application\/pdf\" width=\"300\" height=\"150\" aria-label=\"Contenu embarqu\u00e9 Dossier partenariat 2022-2023 NIORT VOLLEY BALL.\"><\/object><a id=\"wp-block-file--media-004c54b9-c537-4356-b141-7602d38a86d0\" href=\"https:\/\/niort-volley-ball.fr\/wp-content\/uploads\/2023\/08\/Dossier-partenariat-2022-2023-NIORT-VOLLEY-BALL.pdf\">Dossier partenariat 2022-2023 NIORT VOLLEY BALL<\/a><a class=\"wp-block-file__button wp-element-button\" href=\"https:\/\/niort-volley-ball.fr\/wp-content\/uploads\/2023\/08\/Dossier-partenariat-2022-2023-NIORT-VOLLEY-BALL.pdf\" download=\"\" aria-describedby=\"wp-block-file--media-004c54b9-c537-4356-b141-7602d38a86d0\">T\u00e9l\u00e9charger<\/a><\/div>\r\n\r\n\r\n\r\n<h2 class=\"wp-block-heading\">\u00a0<\/h2>\r\n","protected":false},"excerpt":{"rendered":"<p>Pourquoi devenir partenaire ? C&rsquo;est aider le club \u00e0 afficher ses couleurs (maillots\u2026), permettre \u00e0 chaque \u00e9quipe &#8211; m\u00eame les plus jeunes lors des plateaux &#8211; d\u2019avoir une tenue unifi\u00e9e [&hellip;]<\/p>\n","protected":false},"author":5,"featured_media":0,"parent":0,"menu_order":0,"comment_status":"closed","ping_status":"closed","template":"","meta":{"iawp_total_views":32,"footnotes":""},"class_list":["post-240","page","type-page","status-publish","hentry"],"yoast_head":"<!-- This site is optimized with the Yoast SEO plugin v27.5 - https:\/\/yoast.com\/product\/yoast-seo-wordpress\/ -->\n<title>DEVENIR PARTENAIRE - Niort Volley Ball<\/title>\n<meta name=\"robots\" content=\"index, follow, max-snippet:-1, max-image-preview:large, max-video-preview:-1\" \/>\n<link rel=\"canonical\" href=\"https:\/\/niort-volley-ball.fr\/index.php\/devenir-partenaire\/\" \/>\n<meta property=\"og:locale\" content=\"fr_FR\" \/>\n<meta property=\"og:type\" content=\"article\" \/>\n<meta property=\"og:title\" content=\"DEVENIR PARTENAIRE - Niort Volley Ball\" \/>\n<meta property=\"og:description\" content=\"Pourquoi devenir partenaire ? C&rsquo;est aider le club \u00e0 afficher ses couleurs (maillots\u2026), permettre \u00e0 chaque \u00e9quipe &#8211; m\u00eame les plus jeunes lors des plateaux &#8211; d\u2019avoir une tenue unifi\u00e9e [&hellip;]\" \/>\n<meta property=\"og:url\" content=\"https:\/\/niort-volley-ball.fr\/index.php\/devenir-partenaire\/\" \/>\n<meta property=\"og:site_name\" content=\"Niort Volley Ball\" \/>\n<meta property=\"article:publisher\" content=\"https:\/\/www.facebook.com\/niortvb\/\" \/>\n<meta property=\"article:modified_time\" content=\"2024-04-09T17:28:29+00:00\" \/>\n<meta name=\"twitter:card\" content=\"summary_large_image\" \/>\n<meta name=\"twitter:label1\" content=\"Dur\u00e9e de lecture estim\u00e9e\" \/>\n\t<meta name=\"twitter:data1\" content=\"1 minute\" \/>\n<script type=\"application\/ld+json\" class=\"yoast-schema-graph\">{\"@context\":\"https:\\\/\\\/schema.org\",\"@graph\":[{\"@type\":\"WebPage\",\"@id\":\"https:\\\/\\\/niort-volley-ball.fr\\\/index.php\\\/devenir-partenaire\\\/\",\"url\":\"https:\\\/\\\/niort-volley-ball.fr\\\/index.php\\\/devenir-partenaire\\\/\",\"name\":\"DEVENIR PARTENAIRE - Niort Volley Ball\",\"isPartOf\":{\"@id\":\"https:\\\/\\\/niort-volley-ball.fr\\\/#website\"},\"datePublished\":\"2023-08-31T08:54:39+00:00\",\"dateModified\":\"2024-04-09T17:28:29+00:00\",\"breadcrumb\":{\"@id\":\"https:\\\/\\\/niort-volley-ball.fr\\\/index.php\\\/devenir-partenaire\\\/#breadcrumb\"},\"inLanguage\":\"fr-FR\",\"potentialAction\":[{\"@type\":\"ReadAction\",\"target\":[\"https:\\\/\\\/niort-volley-ball.fr\\\/index.php\\\/devenir-partenaire\\\/\"]}]},{\"@type\":\"BreadcrumbList\",\"@id\":\"https:\\\/\\\/niort-volley-ball.fr\\\/index.php\\\/devenir-partenaire\\\/#breadcrumb\",\"itemListElement\":[{\"@type\":\"ListItem\",\"position\":1,\"name\":\"Accueil\",\"item\":\"https:\\\/\\\/niort-volley-ball.fr\\\/\"},{\"@type\":\"ListItem\",\"position\":2,\"name\":\"DEVENIR PARTENAIRE\"}]},{\"@type\":\"WebSite\",\"@id\":\"https:\\\/\\\/niort-volley-ball.fr\\\/#website\",\"url\":\"https:\\\/\\\/niort-volley-ball.fr\\\/\",\"name\":\"Niort Volley Ball\",\"description\":\"\",\"publisher\":{\"@id\":\"https:\\\/\\\/niort-volley-ball.fr\\\/#organization\"},\"potentialAction\":[{\"@type\":\"SearchAction\",\"target\":{\"@type\":\"EntryPoint\",\"urlTemplate\":\"https:\\\/\\\/niort-volley-ball.fr\\\/?s={search_term_string}\"},\"query-input\":{\"@type\":\"PropertyValueSpecification\",\"valueRequired\":true,\"valueName\":\"search_term_string\"}}],\"inLanguage\":\"fr-FR\"},{\"@type\":\"Organization\",\"@id\":\"https:\\\/\\\/niort-volley-ball.fr\\\/#organization\",\"name\":\"Niort Volley Ball\",\"url\":\"https:\\\/\\\/niort-volley-ball.fr\\\/\",\"logo\":{\"@type\":\"ImageObject\",\"inLanguage\":\"fr-FR\",\"@id\":\"https:\\\/\\\/niort-volley-ball.fr\\\/#\\\/schema\\\/logo\\\/image\\\/\",\"url\":\"https:\\\/\\\/niort-volley-ball.fr\\\/wp-content\\\/uploads\\\/2021\\\/09\\\/cropped-cropped-NVBLOGO-3.png\",\"contentUrl\":\"https:\\\/\\\/niort-volley-ball.fr\\\/wp-content\\\/uploads\\\/2021\\\/09\\\/cropped-cropped-NVBLOGO-3.png\",\"width\":250,\"height\":250,\"caption\":\"Niort Volley Ball\"},\"image\":{\"@id\":\"https:\\\/\\\/niort-volley-ball.fr\\\/#\\\/schema\\\/logo\\\/image\\\/\"},\"sameAs\":[\"https:\\\/\\\/www.facebook.com\\\/niortvb\\\/\",\"https:\\\/\\\/www.instagram.com\\\/niortvb\\\/\"]}]}<\/script>\n<!-- \/ Yoast SEO plugin. -->","yoast_head_json":{"title":"DEVENIR PARTENAIRE - Niort Volley Ball","robots":{"index":"index","follow":"follow","max-snippet":"max-snippet:-1","max-image-preview":"max-image-preview:large","max-video-preview":"max-video-preview:-1"},"canonical":"https:\/\/niort-volley-ball.fr\/index.php\/devenir-partenaire\/","og_locale":"fr_FR","og_type":"article","og_title":"DEVENIR PARTENAIRE - Niort Volley Ball","og_description":"Pourquoi devenir partenaire ? C&rsquo;est aider le club \u00e0 afficher ses couleurs (maillots\u2026), permettre \u00e0 chaque \u00e9quipe &#8211; m\u00eame les plus jeunes lors des plateaux &#8211; d\u2019avoir une tenue unifi\u00e9e [&hellip;]","og_url":"https:\/\/niort-volley-ball.fr\/index.php\/devenir-partenaire\/","og_site_name":"Niort Volley Ball","article_publisher":"https:\/\/www.facebook.com\/niortvb\/","article_modified_time":"2024-04-09T17:28:29+00:00","twitter_card":"summary_large_image","twitter_misc":{"Dur\u00e9e de lecture estim\u00e9e":"1 minute"},"schema":{"@context":"https:\/\/schema.org","@graph":[{"@type":"WebPage","@id":"https:\/\/niort-volley-ball.fr\/index.php\/devenir-partenaire\/","url":"https:\/\/niort-volley-ball.fr\/index.php\/devenir-partenaire\/","name":"DEVENIR PARTENAIRE - Niort Volley Ball","isPartOf":{"@id":"https:\/\/niort-volley-ball.fr\/#website"},"datePublished":"2023-08-31T08:54:39+00:00","dateModified":"2024-04-09T17:28:29+00:00","breadcrumb":{"@id":"https:\/\/niort-volley-ball.fr\/index.php\/devenir-partenaire\/#breadcrumb"},"inLanguage":"fr-FR","potentialAction":[{"@type":"ReadAction","target":["https:\/\/niort-volley-ball.fr\/index.php\/devenir-partenaire\/"]}]},{"@type":"BreadcrumbList","@id":"https:\/\/niort-volley-ball.fr\/index.php\/devenir-partenaire\/#breadcrumb","itemListElement":[{"@type":"ListItem","position":1,"name":"Accueil","item":"https:\/\/niort-volley-ball.fr\/"},{"@type":"ListItem","position":2,"name":"DEVENIR PARTENAIRE"}]},{"@type":"WebSite","@id":"https:\/\/niort-volley-ball.fr\/#website","url":"https:\/\/niort-volley-ball.fr\/","name":"Niort Volley Ball","description":"","publisher":{"@id":"https:\/\/niort-volley-ball.fr\/#organization"},"potentialAction":[{"@type":"SearchAction","target":{"@type":"EntryPoint","urlTemplate":"https:\/\/niort-volley-ball.fr\/?s={search_term_string}"},"query-input":{"@type":"PropertyValueSpecification","valueRequired":true,"valueName":"search_term_string"}}],"inLanguage":"fr-FR"},{"@type":"Organization","@id":"https:\/\/niort-volley-ball.fr\/#organization","name":"Niort Volley Ball","url":"https:\/\/niort-volley-ball.fr\/","logo":{"@type":"ImageObject","inLanguage":"fr-FR","@id":"https:\/\/niort-volley-ball.fr\/#\/schema\/logo\/image\/","url":"https:\/\/niort-volley-ball.fr\/wp-content\/uploads\/2021\/09\/cropped-cropped-NVBLOGO-3.png","contentUrl":"https:\/\/niort-volley-ball.fr\/wp-content\/uploads\/2021\/09\/cropped-cropped-NVBLOGO-3.png","width":250,"height":250,"caption":"Niort Volley Ball"},"image":{"@id":"https:\/\/niort-volley-ball.fr\/#\/schema\/logo\/image\/"},"sameAs":["https:\/\/www.facebook.com\/niortvb\/","https:\/\/www.instagram.com\/niortvb\/"]}]}},"_links":{"self":[{"href":"https:\/\/niort-volley-ball.fr\/index.php\/wp-json\/wp\/v2\/pages\/240","targetHints":{"allow":["GET"]}}],"collection":[{"href":"https:\/\/niort-volley-ball.fr\/index.php\/wp-json\/wp\/v2\/pages"}],"about":[{"href":"https:\/\/niort-volley-ball.fr\/index.php\/wp-json\/wp\/v2\/types\/page"}],"author":[{"embeddable":true,"href":"https:\/\/niort-volley-ball.fr\/index.php\/wp-json\/wp\/v2\/users\/5"}],"replies":[{"embeddable":true,"href":"https:\/\/niort-volley-ball.fr\/index.php\/wp-json\/wp\/v2\/comments?post=240"}],"version-history":[{"count":7,"href":"https:\/\/niort-volley-ball.fr\/index.php\/wp-json\/wp\/v2\/pages\/240\/revisions"}],"predecessor-version":[{"id":462,"href":"https:\/\/niort-volley-ball.fr\/index.php\/wp-json\/wp\/v2\/pages\/240\/revisions\/462"}],"wp:attachment":[{"href":"https:\/\/niort-volley-ball.fr\/index.php\/wp-json\/wp\/v2\/media?parent=240"}],"curies":[{"name":"wp","href":"https:\/\/api.w.org\/{rel}","templated":true}]}}