{"id":92,"date":"2021-09-11T16:16:31","date_gmt":"2021-09-11T14:16:31","guid":{"rendered":"http:\/\/niort-volley-ball.fr\/?page_id=92"},"modified":"2023-09-03T18:30:42","modified_gmt":"2023-09-03T16:30:42","slug":"pre-national-masculine","status":"publish","type":"page","link":"https:\/\/niort-volley-ball.fr\/index.php\/pre-national-masculine\/","title":{"rendered":"PRE-R\u00c9GIONAL MASCULINE"},"content":{"rendered":"\n<p><strong>Entrainement<\/strong> : mardi 20h-22h30. Un cr\u00e9neau le vendredi 21h00-22h30 peut \u00eatre programm\u00e9e en fonction des disponibilit\u00e9s de l&rsquo;\u00e9quipe.<\/p>\n\n\n\n<p><strong>Effectif en d\u00e9but de saison<\/strong> : Pierrick (C), Jordan, Patrick, Romain, Louis, Thomas, Cl\u00e9ment<\/p>\n\n\n\n<p>La PRM du Niort Volley Ball est maintenu pour la saison 2023\/2024. L&rsquo;objectif de cette ann\u00e9e est le recrutement de nouveaux joueurs ainsi que leur fid\u00e9lisation dans le club afin de pouvoir construire une nouvelle \u00e9quipe et monter dans la comp\u00e9tition. La PRM veut trouver un jeu stable et efficace contre les \u00e9quipes qui seront \u00e0 affronter au cours de cette saison. <\/p>\n\n\n\n<figure class=\"wp-block-image size-large\"><img decoding=\"async\" width=\"2560\" height=\"1920\" data-src=\"https:\/\/niort-volley-ball.fr\/wp-content\/uploads\/2023\/09\/DSC_0038-edited-scaled.jpg\" alt=\"\" class=\"wp-image-284 lazyload\" data-srcset=\"https:\/\/niort-volley-ball.fr\/wp-content\/uploads\/2023\/09\/DSC_0038-edited-scaled.jpg 2560w, https:\/\/niort-volley-ball.fr\/wp-content\/uploads\/2023\/09\/DSC_0038-edited-300x225.jpg 300w, https:\/\/niort-volley-ball.fr\/wp-content\/uploads\/2023\/09\/DSC_0038-edited-1024x768.jpg 1024w, https:\/\/niort-volley-ball.fr\/wp-content\/uploads\/2023\/09\/DSC_0038-edited-768x576.jpg 768w, https:\/\/niort-volley-ball.fr\/wp-content\/uploads\/2023\/09\/DSC_0038-edited-1536x1152.jpg 1536w, https:\/\/niort-volley-ball.fr\/wp-content\/uploads\/2023\/09\/DSC_0038-edited-2048x1536.jpg 2048w\" data-sizes=\"(max-width: 2560px) 100vw, 2560px\" src=\"data:image\/svg+xml;base64,PHN2ZyB3aWR0aD0iMSIgaGVpZ2h0PSIxIiB4bWxucz0iaHR0cDovL3d3dy53My5vcmcvMjAwMC9zdmciPjwvc3ZnPg==\" style=\"--smush-placeholder-width: 2560px; --smush-placeholder-aspect-ratio: 2560\/1920;\" \/><figcaption class=\"wp-element-caption\"><em>Match de l&rsquo;\u00e9quipe masculine contre l&rsquo;\u00e9quipe de Saint-Maixent &#8211; Saison 2022-2023<\/em><\/figcaption><\/figure>\n","protected":false},"excerpt":{"rendered":"<p>Entrainement : mardi 20h-22h30. Un cr\u00e9neau le vendredi 21h00-22h30 peut \u00eatre programm\u00e9e en fonction des disponibilit\u00e9s de l&rsquo;\u00e9quipe. Effectif en d\u00e9but de saison : Pierrick (C), Jordan, Patrick, Romain, Louis, [&hellip;]<\/p>\n","protected":false},"author":1,"featured_media":0,"parent":0,"menu_order":0,"comment_status":"closed","ping_status":"closed","template":"","meta":{"iawp_total_views":294,"footnotes":""},"class_list":["post-92","page","type-page","status-publish","hentry"],"yoast_head":"<!-- This site is optimized with the Yoast SEO plugin v27.5 - https:\/\/yoast.com\/product\/yoast-seo-wordpress\/ -->\n<title>PRE-R\u00c9GIONAL MASCULINE - Niort Volley Ball<\/title>\n<meta name=\"robots\" content=\"index, follow, max-snippet:-1, max-image-preview:large, max-video-preview:-1\" \/>\n<link rel=\"canonical\" href=\"https:\/\/niort-volley-ball.fr\/index.php\/pre-national-masculine\/\" \/>\n<meta property=\"og:locale\" content=\"fr_FR\" \/>\n<meta property=\"og:type\" content=\"article\" \/>\n<meta property=\"og:title\" content=\"PRE-R\u00c9GIONAL MASCULINE - Niort Volley Ball\" \/>\n<meta property=\"og:description\" content=\"Entrainement : mardi 20h-22h30. Un cr\u00e9neau le vendredi 21h00-22h30 peut \u00eatre programm\u00e9e en fonction des disponibilit\u00e9s de l&rsquo;\u00e9quipe. Effectif en d\u00e9but de saison : Pierrick (C), Jordan, Patrick, Romain, Louis, [&hellip;]\" \/>\n<meta property=\"og:url\" content=\"https:\/\/niort-volley-ball.fr\/index.php\/pre-national-masculine\/\" \/>\n<meta property=\"og:site_name\" content=\"Niort Volley Ball\" \/>\n<meta property=\"article:publisher\" content=\"https:\/\/www.facebook.com\/niortvb\/\" \/>\n<meta property=\"article:modified_time\" content=\"2023-09-03T16:30:42+00:00\" \/>\n<meta property=\"og:image\" content=\"https:\/\/niort-volley-ball.fr\/wp-content\/uploads\/2023\/09\/DSC_0038-edited-scaled.jpg\" \/>\n<meta name=\"twitter:card\" content=\"summary_large_image\" \/>\n<meta name=\"twitter:label1\" content=\"Dur\u00e9e de lecture estim\u00e9e\" \/>\n\t<meta name=\"twitter:data1\" content=\"1 minute\" \/>\n<script type=\"application\/ld+json\" class=\"yoast-schema-graph\">{\"@context\":\"https:\\\/\\\/schema.org\",\"@graph\":[{\"@type\":\"WebPage\",\"@id\":\"https:\\\/\\\/niort-volley-ball.fr\\\/index.php\\\/pre-national-masculine\\\/\",\"url\":\"https:\\\/\\\/niort-volley-ball.fr\\\/index.php\\\/pre-national-masculine\\\/\",\"name\":\"PRE-R\u00c9GIONAL MASCULINE - Niort Volley Ball\",\"isPartOf\":{\"@id\":\"https:\\\/\\\/niort-volley-ball.fr\\\/#website\"},\"primaryImageOfPage\":{\"@id\":\"https:\\\/\\\/niort-volley-ball.fr\\\/index.php\\\/pre-national-masculine\\\/#primaryimage\"},\"image\":{\"@id\":\"https:\\\/\\\/niort-volley-ball.fr\\\/index.php\\\/pre-national-masculine\\\/#primaryimage\"},\"thumbnailUrl\":\"https:\\\/\\\/niort-volley-ball.fr\\\/wp-content\\\/uploads\\\/2023\\\/09\\\/DSC_0038-edited-scaled.jpg\",\"datePublished\":\"2021-09-11T14:16:31+00:00\",\"dateModified\":\"2023-09-03T16:30:42+00:00\",\"breadcrumb\":{\"@id\":\"https:\\\/\\\/niort-volley-ball.fr\\\/index.php\\\/pre-national-masculine\\\/#breadcrumb\"},\"inLanguage\":\"fr-FR\",\"potentialAction\":[{\"@type\":\"ReadAction\",\"target\":[\"https:\\\/\\\/niort-volley-ball.fr\\\/index.php\\\/pre-national-masculine\\\/\"]}]},{\"@type\":\"ImageObject\",\"inLanguage\":\"fr-FR\",\"@id\":\"https:\\\/\\\/niort-volley-ball.fr\\\/index.php\\\/pre-national-masculine\\\/#primaryimage\",\"url\":\"https:\\\/\\\/niort-volley-ball.fr\\\/wp-content\\\/uploads\\\/2023\\\/09\\\/DSC_0038-edited-scaled.jpg\",\"contentUrl\":\"https:\\\/\\\/niort-volley-ball.fr\\\/wp-content\\\/uploads\\\/2023\\\/09\\\/DSC_0038-edited-scaled.jpg\",\"width\":2560,\"height\":1920},{\"@type\":\"BreadcrumbList\",\"@id\":\"https:\\\/\\\/niort-volley-ball.fr\\\/index.php\\\/pre-national-masculine\\\/#breadcrumb\",\"itemListElement\":[{\"@type\":\"ListItem\",\"position\":1,\"name\":\"Accueil\",\"item\":\"https:\\\/\\\/niort-volley-ball.fr\\\/\"},{\"@type\":\"ListItem\",\"position\":2,\"name\":\"PRE-R\u00c9GIONAL MASCULINE\"}]},{\"@type\":\"WebSite\",\"@id\":\"https:\\\/\\\/niort-volley-ball.fr\\\/#website\",\"url\":\"https:\\\/\\\/niort-volley-ball.fr\\\/\",\"name\":\"Niort Volley Ball\",\"description\":\"\",\"publisher\":{\"@id\":\"https:\\\/\\\/niort-volley-ball.fr\\\/#organization\"},\"potentialAction\":[{\"@type\":\"SearchAction\",\"target\":{\"@type\":\"EntryPoint\",\"urlTemplate\":\"https:\\\/\\\/niort-volley-ball.fr\\\/?s={search_term_string}\"},\"query-input\":{\"@type\":\"PropertyValueSpecification\",\"valueRequired\":true,\"valueName\":\"search_term_string\"}}],\"inLanguage\":\"fr-FR\"},{\"@type\":\"Organization\",\"@id\":\"https:\\\/\\\/niort-volley-ball.fr\\\/#organization\",\"name\":\"Niort Volley Ball\",\"url\":\"https:\\\/\\\/niort-volley-ball.fr\\\/\",\"logo\":{\"@type\":\"ImageObject\",\"inLanguage\":\"fr-FR\",\"@id\":\"https:\\\/\\\/niort-volley-ball.fr\\\/#\\\/schema\\\/logo\\\/image\\\/\",\"url\":\"https:\\\/\\\/niort-volley-ball.fr\\\/wp-content\\\/uploads\\\/2021\\\/09\\\/cropped-cropped-NVBLOGO-3.png\",\"contentUrl\":\"https:\\\/\\\/niort-volley-ball.fr\\\/wp-content\\\/uploads\\\/2021\\\/09\\\/cropped-cropped-NVBLOGO-3.png\",\"width\":250,\"height\":250,\"caption\":\"Niort Volley Ball\"},\"image\":{\"@id\":\"https:\\\/\\\/niort-volley-ball.fr\\\/#\\\/schema\\\/logo\\\/image\\\/\"},\"sameAs\":[\"https:\\\/\\\/www.facebook.com\\\/niortvb\\\/\",\"https:\\\/\\\/www.instagram.com\\\/niortvb\\\/\"]}]}<\/script>\n<!-- \/ Yoast SEO plugin. -->","yoast_head_json":{"title":"PRE-R\u00c9GIONAL MASCULINE - Niort Volley Ball","robots":{"index":"index","follow":"follow","max-snippet":"max-snippet:-1","max-image-preview":"max-image-preview:large","max-video-preview":"max-video-preview:-1"},"canonical":"https:\/\/niort-volley-ball.fr\/index.php\/pre-national-masculine\/","og_locale":"fr_FR","og_type":"article","og_title":"PRE-R\u00c9GIONAL MASCULINE - Niort Volley Ball","og_description":"Entrainement : mardi 20h-22h30. Un cr\u00e9neau le vendredi 21h00-22h30 peut \u00eatre programm\u00e9e en fonction des disponibilit\u00e9s de l&rsquo;\u00e9quipe. Effectif en d\u00e9but de saison : Pierrick (C), Jordan, Patrick, Romain, Louis, [&hellip;]","og_url":"https:\/\/niort-volley-ball.fr\/index.php\/pre-national-masculine\/","og_site_name":"Niort Volley Ball","article_publisher":"https:\/\/www.facebook.com\/niortvb\/","article_modified_time":"2023-09-03T16:30:42+00:00","og_image":[{"url":"https:\/\/niort-volley-ball.fr\/wp-content\/uploads\/2023\/09\/DSC_0038-edited-scaled.jpg","type":"","width":"","height":""}],"twitter_card":"summary_large_image","twitter_misc":{"Dur\u00e9e de lecture estim\u00e9e":"1 minute"},"schema":{"@context":"https:\/\/schema.org","@graph":[{"@type":"WebPage","@id":"https:\/\/niort-volley-ball.fr\/index.php\/pre-national-masculine\/","url":"https:\/\/niort-volley-ball.fr\/index.php\/pre-national-masculine\/","name":"PRE-R\u00c9GIONAL MASCULINE - Niort Volley Ball","isPartOf":{"@id":"https:\/\/niort-volley-ball.fr\/#website"},"primaryImageOfPage":{"@id":"https:\/\/niort-volley-ball.fr\/index.php\/pre-national-masculine\/#primaryimage"},"image":{"@id":"https:\/\/niort-volley-ball.fr\/index.php\/pre-national-masculine\/#primaryimage"},"thumbnailUrl":"https:\/\/niort-volley-ball.fr\/wp-content\/uploads\/2023\/09\/DSC_0038-edited-scaled.jpg","datePublished":"2021-09-11T14:16:31+00:00","dateModified":"2023-09-03T16:30:42+00:00","breadcrumb":{"@id":"https:\/\/niort-volley-ball.fr\/index.php\/pre-national-masculine\/#breadcrumb"},"inLanguage":"fr-FR","potentialAction":[{"@type":"ReadAction","target":["https:\/\/niort-volley-ball.fr\/index.php\/pre-national-masculine\/"]}]},{"@type":"ImageObject","inLanguage":"fr-FR","@id":"https:\/\/niort-volley-ball.fr\/index.php\/pre-national-masculine\/#primaryimage","url":"https:\/\/niort-volley-ball.fr\/wp-content\/uploads\/2023\/09\/DSC_0038-edited-scaled.jpg","contentUrl":"https:\/\/niort-volley-ball.fr\/wp-content\/uploads\/2023\/09\/DSC_0038-edited-scaled.jpg","width":2560,"height":1920},{"@type":"BreadcrumbList","@id":"https:\/\/niort-volley-ball.fr\/index.php\/pre-national-masculine\/#breadcrumb","itemListElement":[{"@type":"ListItem","position":1,"name":"Accueil","item":"https:\/\/niort-volley-ball.fr\/"},{"@type":"ListItem","position":2,"name":"PRE-R\u00c9GIONAL MASCULINE"}]},{"@type":"WebSite","@id":"https:\/\/niort-volley-ball.fr\/#website","url":"https:\/\/niort-volley-ball.fr\/","name":"Niort Volley Ball","description":"","publisher":{"@id":"https:\/\/niort-volley-ball.fr\/#organization"},"potentialAction":[{"@type":"SearchAction","target":{"@type":"EntryPoint","urlTemplate":"https:\/\/niort-volley-ball.fr\/?s={search_term_string}"},"query-input":{"@type":"PropertyValueSpecification","valueRequired":true,"valueName":"search_term_string"}}],"inLanguage":"fr-FR"},{"@type":"Organization","@id":"https:\/\/niort-volley-ball.fr\/#organization","name":"Niort Volley Ball","url":"https:\/\/niort-volley-ball.fr\/","logo":{"@type":"ImageObject","inLanguage":"fr-FR","@id":"https:\/\/niort-volley-ball.fr\/#\/schema\/logo\/image\/","url":"https:\/\/niort-volley-ball.fr\/wp-content\/uploads\/2021\/09\/cropped-cropped-NVBLOGO-3.png","contentUrl":"https:\/\/niort-volley-ball.fr\/wp-content\/uploads\/2021\/09\/cropped-cropped-NVBLOGO-3.png","width":250,"height":250,"caption":"Niort Volley Ball"},"image":{"@id":"https:\/\/niort-volley-ball.fr\/#\/schema\/logo\/image\/"},"sameAs":["https:\/\/www.facebook.com\/niortvb\/","https:\/\/www.instagram.com\/niortvb\/"]}]}},"_links":{"self":[{"href":"https:\/\/niort-volley-ball.fr\/index.php\/wp-json\/wp\/v2\/pages\/92","targetHints":{"allow":["GET"]}}],"collection":[{"href":"https:\/\/niort-volley-ball.fr\/index.php\/wp-json\/wp\/v2\/pages"}],"about":[{"href":"https:\/\/niort-volley-ball.fr\/index.php\/wp-json\/wp\/v2\/types\/page"}],"author":[{"embeddable":true,"href":"https:\/\/niort-volley-ball.fr\/index.php\/wp-json\/wp\/v2\/users\/1"}],"replies":[{"embeddable":true,"href":"https:\/\/niort-volley-ball.fr\/index.php\/wp-json\/wp\/v2\/comments?post=92"}],"version-history":[{"count":3,"href":"https:\/\/niort-volley-ball.fr\/index.php\/wp-json\/wp\/v2\/pages\/92\/revisions"}],"predecessor-version":[{"id":285,"href":"https:\/\/niort-volley-ball.fr\/index.php\/wp-json\/wp\/v2\/pages\/92\/revisions\/285"}],"wp:attachment":[{"href":"https:\/\/niort-volley-ball.fr\/index.php\/wp-json\/wp\/v2\/media?parent=92"}],"curies":[{"name":"wp","href":"https:\/\/api.w.org\/{rel}","templated":true}]}}

PRE-RÉGIONAL MASCULINE

<p><strong>Entrainement</strong> : mardi 20h-22h30. Un créneau le vendredi 21h00-22h30 peut être programmée en fonction des disponibilités de l&rsquo;équipe.</p>



<p><strong>Effectif en début de saison</strong> : Pierrick (C), Jordan, Patrick, Romain, Louis, Thomas, Clément</p>



<p>La PRM du Niort Volley Ball est maintenu pour la saison 2023/2024. L&rsquo;objectif de cette année est le recrutement de nouveaux joueurs ainsi que leur fidélisation dans le club afin de pouvoir construire une nouvelle équipe et monter dans la compétition. La PRM veut trouver un jeu stable et efficace contre les équipes qui seront à affronter au cours de cette saison. </p>



<figure class="wp-block-image size-large"><img decoding="async" width="2560" height="1920" data-src="https://niort-volley-ball.fr/wp-content/uploads/2023/09/DSC_0038-edited-scaled.jpg" alt="" class="wp-image-284 lazyload" data-srcset="https://niort-volley-ball.fr/wp-content/uploads/2023/09/DSC_0038-edited-scaled.jpg 2560w, https://niort-volley-ball.fr/wp-content/uploads/2023/09/DSC_0038-edited-300x225.jpg 300w, https://niort-volley-ball.fr/wp-content/uploads/2023/09/DSC_0038-edited-1024x768.jpg 1024w, https://niort-volley-ball.fr/wp-content/uploads/2023/09/DSC_0038-edited-768x576.jpg 768w, https://niort-volley-ball.fr/wp-content/uploads/2023/09/DSC_0038-edited-1536x1152.jpg 1536w, https://niort-volley-ball.fr/wp-content/uploads/2023/09/DSC_0038-edited-2048x1536.jpg 2048w" data-sizes="(max-width: 2560px) 100vw, 2560px" src="data:image/svg+xml;base64,PHN2ZyB3aWR0aD0iMSIgaGVpZ2h0PSIxIiB4bWxucz0iaHR0cDovL3d3dy53My5vcmcvMjAwMC9zdmciPjwvc3ZnPg==" style="--smush-placeholder-width: 2560px; --smush-placeholder-aspect-ratio: 2560/1920;" /><figcaption class="wp-element-caption"><em>Match de l&rsquo;équipe masculine contre l&rsquo;équipe de Saint-Maixent &#8211; Saison 2022-2023</em></figcaption></figure>

<p>Entrainement : mardi 20h-22h30. Un créneau le vendredi 21h00-22h30 peut être programmée en fonction des disponibilités de l&rsquo;équipe. Effectif en début de saison : Pierrick (C), Jordan, Patrick, Romain, Louis, [&hellip;]</p>

<!-- This site is optimized with the Yoast SEO plugin v27.5 - https://yoast.com/product/yoast-seo-wordpress/ -->
<title>PRE-RÉGIONAL MASCULINE - Niort Volley Ball</title>
<meta name="robots" content="index, follow, max-snippet:-1, max-image-preview:large, max-video-preview:-1" />
<link rel="canonical" href="https://niort-volley-ball.fr/index.php/pre-national-masculine/" />
<meta property="og:locale" content="fr_FR" />
<meta property="og:type" content="article" />
<meta property="og:title" content="PRE-RÉGIONAL MASCULINE - Niort Volley Ball" />
<meta property="og:description" content="Entrainement : mardi 20h-22h30. Un créneau le vendredi 21h00-22h30 peut être programmée en fonction des disponibilités de l&rsquo;équipe. Effectif en début de saison : Pierrick (C), Jordan, Patrick, Romain, Louis, [&hellip;]" />
<meta property="og:url" content="https://niort-volley-ball.fr/index.php/pre-national-masculine/" />
<meta property="og:site_name" content="Niort Volley Ball" />
<meta property="article:publisher" content="https://www.facebook.com/niortvb/" />
<meta property="article:modified_time" content="2023-09-03T16:30:42+00:00" />
<meta property="og:image" content="https://niort-volley-ball.fr/wp-content/uploads/2023/09/DSC_0038-edited-scaled.jpg" />
<meta name="twitter:card" content="summary_large_image" />
<meta name="twitter:label1" content="Durée de lecture estimée" />
	<meta name="twitter:data1" content="1 minute" />
<script type="application/ld+json" class="yoast-schema-graph">{"@context":"https:\/\/schema.org","@graph":[{"@type":"WebPage","@id":"https:\/\/niort-volley-ball.fr\/index.php\/pre-national-masculine\/","url":"https:\/\/niort-volley-ball.fr\/index.php\/pre-national-masculine\/","name":"PRE-RÉGIONAL MASCULINE - Niort Volley Ball","isPartOf":{"@id":"https:\/\/niort-volley-ball.fr\/#website"},"primaryImageOfPage":{"@id":"https:\/\/niort-volley-ball.fr\/index.php\/pre-national-masculine\/#primaryimage"},"image":{"@id":"https:\/\/niort-volley-ball.fr\/index.php\/pre-national-masculine\/#primaryimage"},"thumbnailUrl":"https:\/\/niort-volley-ball.fr\/wp-content\/uploads\/2023\/09\/DSC_0038-edited-scaled.jpg","datePublished":"2021-09-11T14:16:31+00:00","dateModified":"2023-09-03T16:30:42+00:00","breadcrumb":{"@id":"https:\/\/niort-volley-ball.fr\/index.php\/pre-national-masculine\/#breadcrumb"},"inLanguage":"fr-FR","potentialAction":[{"@type":"ReadAction","target":["https:\/\/niort-volley-ball.fr\/index.php\/pre-national-masculine\/"]}]},{"@type":"ImageObject","inLanguage":"fr-FR","@id":"https:\/\/niort-volley-ball.fr\/index.php\/pre-national-masculine\/#primaryimage","url":"https:\/\/niort-volley-ball.fr\/wp-content\/uploads\/2023\/09\/DSC_0038-edited-scaled.jpg","contentUrl":"https:\/\/niort-volley-ball.fr\/wp-content\/uploads\/2023\/09\/DSC_0038-edited-scaled.jpg","width":2560,"height":1920},{"@type":"BreadcrumbList","@id":"https:\/\/niort-volley-ball.fr\/index.php\/pre-national-masculine\/#breadcrumb","itemListElement":[{"@type":"ListItem","position":1,"name":"Accueil","item":"https:\/\/niort-volley-ball.fr\/"},{"@type":"ListItem","position":2,"name":"PRE-RÉGIONAL MASCULINE"}]},{"@type":"WebSite","@id":"https:\/\/niort-volley-ball.fr\/#website","url":"https:\/\/niort-volley-ball.fr\/","name":"Niort Volley Ball","description":"","publisher":{"@id":"https:\/\/niort-volley-ball.fr\/#organization"},"potentialAction":[{"@type":"SearchAction","target":{"@type":"EntryPoint","urlTemplate":"https:\/\/niort-volley-ball.fr\/?s={search_term_string}"},"query-input":{"@type":"PropertyValueSpecification","valueRequired":true,"valueName":"search_term_string"}}],"inLanguage":"fr-FR"},{"@type":"Organization","@id":"https:\/\/niort-volley-ball.fr\/#organization","name":"Niort Volley Ball","url":"https:\/\/niort-volley-ball.fr\/","logo":{"@type":"ImageObject","inLanguage":"fr-FR","@id":"https:\/\/niort-volley-ball.fr\/#\/schema\/logo\/image\/","url":"https:\/\/niort-volley-ball.fr\/wp-content\/uploads\/2021\/09\/cropped-cropped-NVBLOGO-3.png","contentUrl":"https:\/\/niort-volley-ball.fr\/wp-content\/uploads\/2021\/09\/cropped-cropped-NVBLOGO-3.png","width":250,"height":250,"caption":"Niort Volley Ball"},"image":{"@id":"https:\/\/niort-volley-ball.fr\/#\/schema\/logo\/image\/"},"sameAs":["https:\/\/www.facebook.com\/niortvb\/","https:\/\/www.instagram.com\/niortvb\/"]}]}</script>
<!-- / Yoast SEO plugin. -->

PRE-RÉGIONAL MASCULINE - Niort Volley Ball

Entrainement : mardi 20h-22h30. Un créneau le vendredi 21h00-22h30 peut être programmée en fonction des disponibilités de l&rsquo;équipe. Effectif en début de saison : Pierrick (C), Jordan, Patrick, Romain, Louis, [&hellip;]
